Let g be j(-9). Let s = 29 + g. Suppose 176 = s*h + 44. Is h a multiple of 5?
False
Let k(v) = v - 5. Let q be k(13). Suppose -q*y + 202 = -318. Is 6 a factor of y?
False
Let x be -14 + -3 + 2 + -4. Let p = x + 47. Is 28 a factor of p?
True
Is 58 a factor of (-9 + (-95)/(-10))/(1/5336)?
True
Let x(o) = 12*o**2 + 11*o + 23. Is x(-6) a multiple of 12?
False
Let v be (-6)/(-3) + 6 + -8. Suppose v = -4*c - 2*d + 250, 5*d = 4*c - 9*c + 305. Is 7 a factor of c?
False
Let t(i) = 6*i**2 + 2*i + 1. Let b be t(-1). Let s(o) = 13*o - 14*o + 2 + 2 + 15*o. Is 20 a factor of s(b)?
False
Suppose 153 = -10*x + 1033. Is 7 a factor of x?
False
Let z(b) = 3*b + 3*b**2 - b**2 - 2 + 0. Let i be z(1). Suppose 4*s + 2*n - 58 = 0, -58 = -i*s - 3*n - 10. Is s a multiple of 10?
False
Let n(o) = 41*o - 38. Is 19 a factor of n(11)?
False
Let o(w) = w**2 + 8*w + 12. Let s be o(-6). Suppose 5*i + 3*k - 477 = s, -5*i + 482 = -k - k. Does 16 divide i?
True
Suppose -21*p + 1254 + 1119 = 0. Is 2 a factor of p?
False
Let j(h) = 3*h. Let s(n) = -16*n - 1. Let r(u) = 11*j(u) + 2*s(u). Let y be r(2). Suppose 5*d - 90 - 45 = y. Is 27 a factor of d?
True
Is 7 a factor of ((-8)/(-3))/((-6)/(-252))?
True
Suppose -3773 = -46*z - 1243. Does 11 divide z?
True
Suppose 4*g - 3 = -v, 5*v + 0 + 15 = -5*g. Suppose -5*z + x = -x - g, z = x - 2. Suppose 0 = 3*k + 2*b - 59, -3*k - 2*b + 101 = z*k. Is 7 a factor of k?
True
Let x = -32 - -34. Suppose -4*s + 453 = -0*o - 3*o, 0 = -4*s - x*o + 478. Is 22 a factor of s?
False
Suppose -2*m + 0*m = -24. Let g = -8 + 14. Suppose m = g*l - 5*l. Is 5 a factor of l?
False
Suppose -5*a - 6*w = -w - 8155, 5*a + w = 8147. Does 95 divide a?
False
Let t(g) = -75*g - 54. Let y be t(-2). Let l = -47 + -7. Let o = y + l. Is o a multiple of 8?
False
Suppose 2*a + 23 = -3*c, a - 3*c - 6 = 5. Let o be (a/8)/((-1)/(-20)). Let w = o - -20. Does 3 divide w?
False
Let l(t) = t + 2. Suppose 37 = 9*p - 44. Is 4 a factor of l(p)?
False
Let w = 278 - 128. Is 25 a factor of w?
True
Let r(o) = -2*o**2 - 5*o - 1. Let h be r(-2). Suppose -22 = -3*i - h. Does 4 divide i?
False
Let h be (-55)/(-15) - 1/(-3). Suppose -z - 3*g = 12, -h*g - 1 = -5*z + 34. Suppose 11 = u + 3*v + 2, u - 3*v = z. Is 6 a factor of u?
True
Suppose 17 = 3*p - 7. Let f = p + -3. Suppose 32 = f*h + 7. Does 2 divide h?
False
Suppose 0 = 4*y - 2*q - 76, 31*q - 70 = -4*y + 36*q. Is y a multiple of 5?
True
Let m(v) = 17*v + 28. Let a be m(10). Suppose -4*q + a = -q - 5*c, -5*q - 3*c = -330. Does 10 divide q?
False
Suppose 0 = -2*g - 0*g + 46. Let h = g + -14. Let c = 15 - h. Is 5 a factor of c?
False
Let m(d) = d**3 - 4*d**2 - 4*d + 1. Suppose 2*u - 6 = 3*w, 0 = 3*u + 4*w - w - 9. Let i be m(u). Let a = -13 - i. Is 2 a factor of a?
False
Suppose 3*v = -v + 8. Let y be 2*(3 - 4)*v. Let g = y + 40. Does 9 divide g?
True
Let o(p) = -p**3 + 5*p**2 - p + 2. Let x be o(5). Let i be x/(-3 + (-60)/(-16)). Is 31/2 + i/8 a multiple of 3?
True
Let s(m) = -5*m**2 + 24*m + 32. Let f(j) = 3*j**2 - 16*j - 21. Let r(d) = 8*f(d) + 5*s(d). Let k be r(-6). Suppose -390 = -k*n - 2*n. Is n a multiple of 14?
False
Let c be ((-80)/28)/(2/(-14)). Let h be 1988/c + 9/15. Suppose 6*p - h = p. Is p a multiple of 20?
True
Let o(f) = f**2 - 5*f - 3. Let r be -17 - ((-5)/1 - -3). Let t = -8 - r. Is o(t) a multiple of 3?
False
Let g(z) = -2 - 6 - 71*z**2 + 69*z**2 + 5*z**3. Does 10 divide g(3)?
False
Suppose -2*f + 0*f - 5*q + 677 = 0, 1319 = 4*f + 3*q. Let x = f - 215. Is 37 a factor of x?
True
Let r = -4 - -6. Suppose -25 = -5*v, 3*v + 120 = r*w + 15. Does 14 divide w?
False
Let w(g) = -1 + 2*g - 3*g + 2*g**2 - 40*g**3 + 0*g - g**2. Is 19 a factor of w(-1)?
False
Let r = 694 + -250. Suppose -8*c + r = -628. Does 10 divide c?
False
Is 6 a factor of (-1 - 14/(-10))/((-108)/(-59400))?
False
Suppose 120 = -n - 4*r, -2*n - r - 214 = -6*r. Is (n/(-21))/(2/42) a multiple of 54?
False
Suppose -840 = -5*x - 2*n, -5*n - 1275 + 470 = -5*x. Let q = x + -79. Is q a multiple of 16?
False
Let k = -2011 - -2136. Does 2 divide k?
False
Let q = -28 - -44. Suppose 3*n - 714 = -783. Let w = q - n. Does 13 divide w?
True
Suppose -4*u + 2*u = -84. Let s = -75 + u. Let j = s - -67. Is j a multiple of 17?
True
Is (-1)/10 - (-12661)/110 even?
False
Suppose -2*t - 3*s = 4, 0*t + t + 4*s + 7 = 0. Is 7 a factor of (-7 + t)/(2/(-36)*2)?
False
Suppose -38 = -24*j + 154. Does 3 divide j?
False
Let q = 1772 + -496. Is 44 a factor of q?
True
Let b(g) = g**3 - 6*g**2 - 7*g - 5. Let l be b(7). Is 82 + -8 - (l + 2) a multiple of 11?
True
Suppose 29*u + 17*u = 9154. Is 39 a factor of u?
False
Suppose -3*k - 5 + 669 = 4*w, 0 = 2*w + 3*k - 332. Let i = w - 106. Does 12 divide i?
True
Let v = 111 + -209. Suppose -2*y = 2*y + 28. Is 2 a factor of v/y*1/2?
False
Suppose 0 = -67*o + 76*o - 3096. Is o even?
True
Let i(a) = 8*a**3 - a**2 + 1. Let m be i(1). Let f be (m/(-10))/((-7)/70). Let j = f - -4. Is j a multiple of 12?
True
Suppose 0 = f + 3*f - 68. Let b = 37 - f. Is 6 a factor of ((-24)/(-10))/(6/b)?
False
Let n(r) = -r. Let a(s) = -3*s - 1. Let y(i) = 3*a(i) + 3*n(i). Does 19 divide y(-4)?
False
Let y = 54 - 27. Let g = -21 + y. Is g a multiple of 5?
False
Let g = 1330 - 896. Let a = g - 623. Is 17 a factor of 6/8 - a/4?
False
Suppose 0 = -i - 5*t + 4 - 2, 2*t = -3*i - 46. Is (-150)/(-81)*39 - (-4)/i a multiple of 10?
False
Suppose 4*k + 0*k - 8 = 0. Suppose -1 = -f + k. Does 5 divide (22*3)/f*1?
False
Let g be (-740)/(-70) + 4/(-7). Let y = -27 - -49. Let l = y - g. Is 12 a factor of l?
True
Suppose -6 - 6 = -4*g + 4*v, g + 5*v = 9. Let j = -4 + g. Let l = 6 + j. Does 3 divide l?
True
Let j(q) = q**3 + 16*q**2 - q - 12. Let y be j(-16). Suppose 5*o - 4*c = -316 + 1096, 500 = 3*o + y*c. Does 10 divide o?
True
Let q = 27 - 100. Let p(v) = 30*v + 12. Let m be p(-5). Let r = q - m. Does 28 divide r?
False
Suppose 4*a - 5*a = -37. Let l = a + 39. Does 19 divide l?
True
Let j(x) = -4*x**2. Let k be j(1). Let f = 5 + k. Let l(c) = 53*c**3 - 2*c + 1. Does 11 divide l(f)?
False
Let q be -2 + -1 - -5 - 1. Let y(n) = 124*n**2 - 2*n + 2. Is y(q) a multiple of 13?
False
Is 40 - (15 + (-48)/6) a multiple of 15?
False
Suppose -2*c = -0*c + 54. Let x = 6 + 32. Let i = x + c. Is 3 a factor of i?
False
Let j = 368 + -193. Let i be j/63 - 2/(-9). Does 3 divide i + 10 - (1 - 0)?
True
Let a = 25 + 71. Suppose -2*o - u + a = -0*o, 12 = -3*u. Is 26 a factor of o?
False
Suppose 0 = 4*a - 0*a. Suppose 0 = 3*z - a*z - 276. Does 23 divide z?
True
Let p(k) = 194*k**2 - 6*k + 9. Is 13 a factor of p(3)?
False
Suppose -u = 3*u - f - 30, 8 = -4*f. Suppose -17*o + 1150 = -u*o. Suppose 3*a + 29 - o = -2*q, 0 = a. Is q a multiple of 14?
False
Suppose 2*a = -4*h + 5*a + 16, h = -3*a + 19. Suppose 2*i + 2*l - l - h = 0, 4*i - 5*l = 35. Is 5 a factor of i?
True
Suppose -3*w + 2*w + 799 = 2*k, -3*k + 3*w + 1185 = 0. Is 21 a factor of k?
False
Let c = 2241 - 516. Is 15 a factor of c?
True
Let c = -843 + 1945. Does 19 divide c?
True
Let t(q) = -q**2 + 18*q + 3. Let o be t(18). Suppose -b - o*b + 20 = 0. Is b even?
False
Suppose 20 = 5*t, j + 3*t + 0*t = 27. Does 24 divide (-240)/(-2) - (j - 11)?
False
Let o = -7 - 1. Let w(i) = -9*i + 5. Let h(t) = -10*t + 6. Let u(x) = -6*h(x) + 7*w(x). Is 23 a factor of u(o)?
True
Suppose 0 = q - 5*q + 12. Suppose -4*h = 8, -n - 4*h = -7*h - 10. Suppose -n*i = -2*k - 384, 5*k + 114 = -q*i + 415. Is 20 a factor of i?
False
Let o(x) = -x**2 + x - 2. Let m be o(2). Suppose -14 = -5*c + 261. Let q = c - m. Does 16 divide q?
False
Let l be -7 + -5*12/(-20). Let q(z) = -2*z**3 + z**2 + 6*z + 3*z**2 + 4 - 7*z**2. Does 15 divide q(l)?
True
Suppose -4*k = -5*f + 841, -2*f + k + 53 = -284. Is 28 a factor of f?
False
Suppose 4*l = -x + 6*l + 9, 3*l + 3 = 0. Let m = -1 + x. Is m*(-7)/((-42)/4) a multiple of 4?
True
Let a = -29 + -31. Let d = -52 - a. Is 4 a factor of d?
True
Let w be 2 + (3 + -5 + 0 - 99). Let o = -58 - w. Does 20 divide o?
False
Let x be (-3)/4 - 449*(-3)/(-12). Let f = -49 - x. Does 16 divide f?
True
Let m(l) = 2*l + 4*l**2 - 4*l + 5*l - 2*l**3 - 12*l**2 - 7. Let z be m(-6). Is 6 a factor of z/14 + (-2)/(-4)?
False
Let d = 255 - -1689. Is 12 a factor of d?
True
Suppose j - s - 70 = 2*s, 0 = -4*s. Does 10 divide 16/72 + j/9 - -2?
True
Let u be (-223)/3 - (-2)/(-3). Sup